{"id":980,"date":"2018-03-16T19:47:20","date_gmt":"2018-03-16T19:47:20","guid":{"rendered":"http:\/\/amicsdelcarme.com\/?page_id=980"},"modified":"2018-06-11T17:14:49","modified_gmt":"2018-06-11T17:14:49","slug":"viure-al-carme","status":"publish","type":"page","link":"https:\/\/amicsdelcarme.com\/es\/viure-al-carme\/","title":{"rendered":"Viure al Carme, una contribuci\u00f3 per un barri viu, obert i habitable"},"content":{"rendered":"<h1><strong>Vivir en el Carme<\/strong><\/h1>\n<h3>Es un proyecto que forma parte del trabajo de fin de Grado sobre Planificaci\u00f3n del Turismo<\/h3>\n<p><span style=\"color: #000000;\"><strong>de Ssepiedeh Jafari<\/strong><br \/>\nEstudiante de Turismo de la Universidad de Valencia<\/span><\/p>\n<p><span style=\"color: #000000;\">Trabajo en pr\u00e1cticas de Octubre 2017 a Junio 2018 <\/span><span style=\"color: #000000;\">en la <strong>AViC<\/strong> <strong>Amics del Carme<\/strong> <\/span><\/p>\n<h2 style=\"text-align: left;\">Presentaci\u00f3n<\/h2>\n<p><span style=\"color: #000000;\">Hola! Mi nombre es Sepi y soy estudiante de turismo en la Universitat de Val\u00e8ncia. <\/span><\/p>\n<p><span style=\"color: #000000;\">Hace unos meses, decid\u00ed realizar mis pr\u00e1cticas en la asociaci\u00f3n de vecinos <strong><em>Amics del Carme <\/em><\/strong>con el prop\u00f3sito de estudiar las percepciones de los residentes sobre el desarrollo tur\u00edstico en su barrio. <\/span><\/p>\n<p><span style=\"color: #000000;\">Mi trabajo de fin de grado lo desarrollo sobre este tema, y los testimonios e reflexiones que aqu\u00ed muestro son una parte de importante de las fuentes que he tomado como referencia. Decid\u00ed estudiar la relaci\u00f3n de los residentes con el turismo porque siempre me han interesado las personas. Aunque pienso que es importante ver el turismo c\u00f3mo es, un sector econ\u00f3mico que tiene fuertes impactos sobre los destinos, creo que durante muchos a\u00f1os ha habido un enfoque demasiado orientado hacia la rentabilidad y la capitalizacion. Es verdad que el sector tur\u00edstico es un motor econ\u00f3mico esencial para las ciudades pero, a mi entender, deber\u00edan ser las personas las que decidan c\u00f3mo gestionarlo y no solo el capital. <strong>Al fin y al cabo, el turismo es la<\/strong><\/span><strong><span style=\"color: #000000;\">&nbsp;econom\u00eda del encuentro.<\/span><\/strong><\/p>\n<p><span style=\"color: #000000;\">Estudiar las percepciones de los residentes sobre el desarrollo tur\u00edstico en su barrio me parece importante por varios motivos:<\/span><\/p>\n<p style=\"padding-left: 30px;\"><span style=\"color: #000000;\">En primer lugar porque creo que es necesario conocer en profundidad y tomar en consideraci\u00f3n la opini\u00f3n de los residentes para planificar un modelo tur\u00edstico que sea lo m\u00e1s sostenible e integrador posible y, por tanto, viable a largo plazo.<\/span><\/p>\n<p style=\"padding-left: 30px;\"><span style=\"color: #000000;\">En segundo, porque aunque los estudios sobre las percepciones de los residentes sobre el impacto del turismo en su entorno son cada vez m\u00e1s frecuentes, casi siempre se trata de estudios cuantitativos, basados en n\u00fameros y estad\u00edsticas.<br \/>\n<\/span><span style=\"color: #000000;\">Mi intenci\u00f3n en este caso ha sido realizar una aproximaci\u00f3n de tipo cualitativo, tratar de comprender e interpretar vivencias y reflexiones.<br \/>\n<\/span><\/p>\n<p style=\"padding-left: 30px;\"><span style=\"color: #000000;\">Y, en tercer lugar, porque en la Universidad he podido aprender los conceptos te\u00f3ricos sobre la planificaci\u00f3n tur\u00edstica y el papel de los residentes en la gesti\u00f3n del modelo tur\u00edstico en su ciudad. Durante mis pr\u00e1cticas, quer\u00eda ver&nbsp; de cerca y estudiar c\u00f3mo <\/span><span style=\"color: #000000;\">en la pr\u00e1ctica <\/span><span style=\"color: #000000;\">se relacionan estos conceptos te\u00f3ricos .<\/span><\/p>\n<p><span style=\"color: #000000;\">Durante 9 meses he acudido a las reuniones dels <em>Amics del Carme, <\/em>he tenido la oportunidad de<\/span><span style=\"color: #000000;\"> conocer de cerca la opini\u00f3n y las vivencias de los residentes. <\/span><span style=\"color: #000000;\"> A la vez, he tenido la posibilidad de asistir a reuniones con otras asociaciones vecinales, participar en manifestaciones sobre la turistificaci\u00f3n en el barrio, incluso he tenido la suerte de ser una observadora privilegiada durante la tramitaci\u00f3n en Les Corts de la Ley de Turismo y Hospitalidad, he asistido a algunas reuniones y a las comparecencias que ha protagonizado el movimiento vecinal. <\/span><\/p>\n<p><span style=\"color: #000000;\">Asimismo, me he reunido con vecinos del barrio para preguntarles si piensan que se cuenta con sus necesidades a la hora de planificar el turismo y para preguntarles qu\u00e9 les parece la trasformaci\u00f3n que se est\u00e1 produciendo relacionada con la creciente llegada de turistas.<\/span><\/p>\n<p><span style=\"color: #000000;\">El resultado es una especie de puzzle, cuyas piezas contienen opiniones de vecinos, leyes, acontecimientos pol\u00edticos y sucesos cotidianos. En esta secci\u00f3n del blog, tratar\u00e9 de encajar estas piezas desde mi punto de vista.&nbsp;Para documentar mi viaje, utilizar\u00e9 textos, testimonios, im\u00e1genes&nbsp; y v\u00eddeos, con la intenci\u00f3n de ofrecer un contenido informativo contrastado, atractivo y relevante.<\/span><\/p>\n<p><span style=\"color: #000000;\">Mis primeras impresiones son que no se trata de rechazar al turista, ninguno de mis entrevistados lo hace. A casi todos les gusta viajar y ver a nuevos lugares. Aun as\u00ed, es esencial tener en cuenta que el turismo y la llegada de turistas aumentar\u00e1n cada vez m\u00e1s. Es por ello que hay que regular bien la actividad para poder limitar sus impactos y, de este modo, reducir incluso evitar los conflictos entre residentes y turistas.<\/span><\/p>\n<p><span style=\"color: #000000;\"><em>Seg\u00fan un proverbio oriental, el turismo es un fuego que puede calentar tu sopa o quemar tu casa.<\/em><\/span><\/p>\n<p><span style=\"color: #000000;\">Espero que estas reflexiones y testimonios ayuden a resolver los desaf\u00edos que la industria del turismo plantea en este mundo globalizado.<\/span><\/p>\n<p><span style=\"color: #000000;\"><em>Ssepiedeh<\/em><\/span><\/p>\n<p>&nbsp;<\/p>\n","protected":false},"excerpt":{"rendered":"<p>Vivir en el Carme Es un proyecto que forma parte del trabajo de fin de Grado sobre Planificaci\u00f3n del Turismo de Ssepiedeh Jafari Estudiante de Turismo de la Universidad de Valencia Trabajo en pr\u00e1cticas de Octubre 2017 a Junio 2018 en la AViC Amics del Carme Presentaci\u00f3n Hola! Mi nombre [&#8230;]<\/p>\n","protected":false},"author":1,"featured_media":987,"parent":0,"menu_order":0,"comment_status":"closed","ping_status":"closed","template":"","meta":{"_acf_changed":false,"footnotes":""},"class_list":["post-980","page","type-page","status-publish","has-post-thumbnail","hentry"],"acf":[],"_links":{"self":[{"href":"https:\/\/amicsdelcarme.com\/es\/wp-json\/wp\/v2\/pages\/980","targetHints":{"allow":["GET"]}}],"collection":[{"href":"https:\/\/amicsdelcarme.com\/es\/wp-json\/wp\/v2\/pages"}],"about":[{"href":"https:\/\/amicsdelcarme.com\/es\/wp-json\/wp\/v2\/types\/page"}],"author":[{"embeddable":true,"href":"https:\/\/amicsdelcarme.com\/es\/wp-json\/wp\/v2\/users\/1"}],"replies":[{"embeddable":true,"href":"https:\/\/amicsdelcarme.com\/es\/wp-json\/wp\/v2\/comments?post=980"}],"version-history":[{"count":5,"href":"https:\/\/amicsdelcarme.com\/es\/wp-json\/wp\/v2\/pages\/980\/revisions"}],"predecessor-version":[{"id":1812,"href":"https:\/\/amicsdelcarme.com\/es\/wp-json\/wp\/v2\/pages\/980\/revisions\/1812"}],"wp:featuredmedia":[{"embeddable":true,"href":"https:\/\/amicsdelcarme.com\/es\/wp-json\/wp\/v2\/media\/987"}],"wp:attachment":[{"href":"https:\/\/amicsdelcarme.com\/es\/wp-json\/wp\/v2\/media?parent=980"}],"curies":[{"name":"wp","href":"https:\/\/api.w.org\/{rel}","templated":true}]}}

Viure al Carme, una contribució per un barri viu, obert i habitable

<h1><strong>Vivir en el Carme</strong></h1>
<h3>Es un proyecto que forma parte del trabajo de fin de Grado sobre Planificación del Turismo</h3>
<p><span style="color: #000000;"><strong>de Ssepiedeh Jafari</strong><br />
Estudiante de Turismo de la Universidad de Valencia</span></p>
<p><span style="color: #000000;">Trabajo en prácticas de Octubre 2017 a Junio 2018 </span><span style="color: #000000;">en la <strong>AViC</strong> <strong>Amics del Carme</strong> </span></p>
<h2 style="text-align: left;">Presentación</h2>
<p><span style="color: #000000;">Hola! Mi nombre es Sepi y soy estudiante de turismo en la Universitat de València. </span></p>
<p><span style="color: #000000;">Hace unos meses, decidí realizar mis prácticas en la asociación de vecinos <strong><em>Amics del Carme </em></strong>con el propósito de estudiar las percepciones de los residentes sobre el desarrollo turístico en su barrio. </span></p>
<p><span style="color: #000000;">Mi trabajo de fin de grado lo desarrollo sobre este tema, y los testimonios e reflexiones que aquí muestro son una parte de importante de las fuentes que he tomado como referencia. Decidí estudiar la relación de los residentes con el turismo porque siempre me han interesado las personas. Aunque pienso que es importante ver el turismo cómo es, un sector económico que tiene fuertes impactos sobre los destinos, creo que durante muchos años ha habido un enfoque demasiado orientado hacia la rentabilidad y la capitalizacion. Es verdad que el sector turístico es un motor económico esencial para las ciudades pero, a mi entender, deberían ser las personas las que decidan cómo gestionarlo y no solo el capital. <strong>Al fin y al cabo, el turismo es la</strong></span><strong><span style="color: #000000;">&nbsp;economía del encuentro.</span></strong></p>
<p><span style="color: #000000;">Estudiar las percepciones de los residentes sobre el desarrollo turístico en su barrio me parece importante por varios motivos:</span></p>
<p style="padding-left: 30px;"><span style="color: #000000;">En primer lugar porque creo que es necesario conocer en profundidad y tomar en consideración la opinión de los residentes para planificar un modelo turístico que sea lo más sostenible e integrador posible y, por tanto, viable a largo plazo.</span></p>
<p style="padding-left: 30px;"><span style="color: #000000;">En segundo, porque aunque los estudios sobre las percepciones de los residentes sobre el impacto del turismo en su entorno son cada vez más frecuentes, casi siempre se trata de estudios cuantitativos, basados en números y estadísticas.<br />
</span><span style="color: #000000;">Mi intención en este caso ha sido realizar una aproximación de tipo cualitativo, tratar de comprender e interpretar vivencias y reflexiones.<br />
</span></p>
<p style="padding-left: 30px;"><span style="color: #000000;">Y, en tercer lugar, porque en la Universidad he podido aprender los conceptos teóricos sobre la planificación turística y el papel de los residentes en la gestión del modelo turístico en su ciudad. Durante mis prácticas, quería ver&nbsp; de cerca y estudiar cómo </span><span style="color: #000000;">en la práctica </span><span style="color: #000000;">se relacionan estos conceptos teóricos .</span></p>
<p><span style="color: #000000;">Durante 9 meses he acudido a las reuniones dels <em>Amics del Carme, </em>he tenido la oportunidad de</span><span style="color: #000000;"> conocer de cerca la opinión y las vivencias de los residentes. </span><span style="color: #000000;"> A la vez, he tenido la posibilidad de asistir a reuniones con otras asociaciones vecinales, participar en manifestaciones sobre la turistificación en el barrio, incluso he tenido la suerte de ser una observadora privilegiada durante la tramitación en Les Corts de la Ley de Turismo y Hospitalidad, he asistido a algunas reuniones y a las comparecencias que ha protagonizado el movimiento vecinal. </span></p>
<p><span style="color: #000000;">Asimismo, me he reunido con vecinos del barrio para preguntarles si piensan que se cuenta con sus necesidades a la hora de planificar el turismo y para preguntarles qué les parece la trasformación que se está produciendo relacionada con la creciente llegada de turistas.</span></p>
<p><span style="color: #000000;">El resultado es una especie de puzzle, cuyas piezas contienen opiniones de vecinos, leyes, acontecimientos políticos y sucesos cotidianos. En esta sección del blog, trataré de encajar estas piezas desde mi punto de vista.&nbsp;Para documentar mi viaje, utilizaré textos, testimonios, imágenes&nbsp; y vídeos, con la intención de ofrecer un contenido informativo contrastado, atractivo y relevante.</span></p>
<p><span style="color: #000000;">Mis primeras impresiones son que no se trata de rechazar al turista, ninguno de mis entrevistados lo hace. A casi todos les gusta viajar y ver a nuevos lugares. Aun así, es esencial tener en cuenta que el turismo y la llegada de turistas aumentarán cada vez más. Es por ello que hay que regular bien la actividad para poder limitar sus impactos y, de este modo, reducir incluso evitar los conflictos entre residentes y turistas.</span></p>
<p><span style="color: #000000;"><em>Según un proverbio oriental, el turismo es un fuego que puede calentar tu sopa o quemar tu casa.</em></span></p>
<p><span style="color: #000000;">Espero que estas reflexiones y testimonios ayuden a resolver los desafíos que la industria del turismo plantea en este mundo globalizado.</span></p>
<p><span style="color: #000000;"><em>Ssepiedeh</em></span></p>
<p>&nbsp;</p>

<p>Vivir en el Carme Es un proyecto que forma parte del trabajo de fin de Grado sobre Planificación del Turismo de Ssepiedeh Jafari Estudiante de Turismo de la Universidad de Valencia Trabajo en prácticas de Octubre 2017 a Junio 2018 en la AViC Amics del Carme Presentación Hola! Mi nombre [&#8230;]</p>
