{"id":3442,"date":"2020-05-17T19:05:45","date_gmt":"2020-05-17T17:05:45","guid":{"rendered":"https:\/\/amicsdelcarme.com\/?page_id=3442"},"modified":"2020-07-10T18:42:58","modified_gmt":"2020-07-10T16:42:58","slug":"foto-denuncia","status":"publish","type":"page","link":"https:\/\/amicsdelcarme.com\/es\/foto-denuncia\/","title":{"rendered":"Foto  &#8211; Denuncia"},"content":{"rendered":"\n<h2 class=\"wp-block-heading\"><strong>La \u201cnueva normalidad\u201d como oportunidad para recuperar Ciutat Vella para sus vecinas\/os<\/strong><\/h2>\n\n\n\n<p>Partimos de una situaci\u00f3n previa de saturaci\u00f3n, de sobreocupaci\u00f3n del espacio p\u00fablico, por lo que no es posible hablar de extensi\u00f3n, de ampliaci\u00f3n del espacio p\u00fablico ocupado para mantener el n\u00famero actual de mesas porque no hay espacio sobre el que ampliarse. La reducci\u00f3n del 50% de las terrazas actuales <u>debe ser efectiva<\/u>, al tiempo que deben corregirse los abusos actuales reiteradamente denunciados tanto el referido a terrazas como a mobiliario comercial e incluso de se\u00f1al\u00e9tica oficial.<\/p>\n","protected":false},"excerpt":{"rendered":"<p>La \u201cnueva normalidad\u201d como oportunidad para recuperar Ciutat Vella para sus vecinas\/os Partimos de una situaci\u00f3n previa de saturaci\u00f3n, de sobreocupaci\u00f3n del espacio p\u00fablico, por lo que no es posible hablar de extensi\u00f3n, de ampliaci\u00f3n del espacio p\u00fablico ocupado para mantener el n\u00famero actual de mesas porque no hay espacio [&#8230;]<\/p>\n","protected":false},"author":1,"featured_media":3733,"parent":0,"menu_order":0,"comment_status":"closed","ping_status":"closed","template":"template-page.php","meta":{"_acf_changed":false,"footnotes":""},"class_list":["post-3442","page","type-page","status-publish","has-post-thumbnail","hentry"],"acf":[],"_links":{"self":[{"href":"https:\/\/amicsdelcarme.com\/es\/wp-json\/wp\/v2\/pages\/3442","targetHints":{"allow":["GET"]}}],"collection":[{"href":"https:\/\/amicsdelcarme.com\/es\/wp-json\/wp\/v2\/pages"}],"about":[{"href":"https:\/\/amicsdelcarme.com\/es\/wp-json\/wp\/v2\/types\/page"}],"author":[{"embeddable":true,"href":"https:\/\/amicsdelcarme.com\/es\/wp-json\/wp\/v2\/users\/1"}],"replies":[{"embeddable":true,"href":"https:\/\/amicsdelcarme.com\/es\/wp-json\/wp\/v2\/comments?post=3442"}],"version-history":[{"count":5,"href":"https:\/\/amicsdelcarme.com\/es\/wp-json\/wp\/v2\/pages\/3442\/revisions"}],"predecessor-version":[{"id":6306,"href":"https:\/\/amicsdelcarme.com\/es\/wp-json\/wp\/v2\/pages\/3442\/revisions\/6306"}],"wp:featuredmedia":[{"embeddable":true,"href":"https:\/\/amicsdelcarme.com\/es\/wp-json\/wp\/v2\/media\/3733"}],"wp:attachment":[{"href":"https:\/\/amicsdelcarme.com\/es\/wp-json\/wp\/v2\/media?parent=3442"}],"curies":[{"name":"wp","href":"https:\/\/api.w.org\/{rel}","templated":true}]}}

<h2 class="wp-block-heading"><strong>La “nueva normalidad” como oportunidad para recuperar Ciutat Vella para sus vecinas/os</strong></h2>



<p>Partimos de una situación previa de saturación, de sobreocupación del espacio público, por lo que no es posible hablar de extensión, de ampliación del espacio público ocupado para mantener el número actual de mesas porque no hay espacio sobre el que ampliarse. La reducción del 50% de las terrazas actuales <u>debe ser efectiva</u>, al tiempo que deben corregirse los abusos actuales reiteradamente denunciados tanto el referido a terrazas como a mobiliario comercial e incluso de señalética oficial.</p>

<p>La “nueva normalidad” como oportunidad para recuperar Ciutat Vella para sus vecinas/os Partimos de una situación previa de saturación, de sobreocupación del espacio público, por lo que no es posible hablar de extensión, de ampliación del espacio público ocupado para mantener el número actual de mesas porque no hay espacio [&#8230;]</p>
